{"id":2,"date":"2017-07-25T16:02:22","date_gmt":"2017-07-25T14:02:22","guid":{"rendered":"http:\/\/www.mjcfontanes.org\/?page_id=2"},"modified":"2025-06-16T13:33:48","modified_gmt":"2025-06-16T11:33:48","slug":"page-d-exemple","status":"publish","type":"page","link":"https:\/\/www.mjcfontanes.org\/?page_id=2","title":{"rendered":"Infos pratiques"},"content":{"rendered":"\n<p><\/p>\n\n\n\n<p>L&rsquo;adh\u00e9sion est obligatoire pour participer aux activit\u00e9s.<\/p>\n\n\n\n<p class=\"has-white-background-color has-text-color has-background has-link-color wp-elements-05668050f5ebb9e99d1d9b12cfd3d9d4\" style=\"color:#98506f\"><strong>Prix de l&rsquo;adh\u00e9sion : <\/strong><\/p>\n\n\n\n<ul class=\"wp-block-list\">\n<li><strong>5\u20ac pour les -18ans<\/strong><\/li>\n\n\n\n<li><strong>10\u20ac \u00e0 partir de 18 ans.<\/strong><\/li>\n<\/ul>\n\n\n\n<p>Il est possible de fractionner le paiement en 2 fois. Le prix de l&rsquo;adh\u00e9sion sera jointe au premier r\u00e8glement.<\/p>\n\n\n\n<p>Il est d\u00e9sormais possible de faire un seul ch\u00e8que pour la carte et les activit\u00e9s.<\/p>\n\n\n\n<p>Il est possible de r\u00e9gler vos activit\u00e9s par ch\u00e8ques vacances ou pass sport, en revanche les coupons sport et le pass r\u00e9gion ne sont pas accept\u00e9s.<\/p>\n\n\n\n<p>La MJC ne rembourse pas l&rsquo;inscription en cas d&rsquo;arr\u00eat de l&rsquo;activit\u00e9 en cours de saison.<\/p>\n\n\n\n<p class=\"has-white-background-color has-text-color has-background has-link-color wp-elements-f2b9f5e69f372b5971778a7fc8c90506\" style=\"color:#98506f\"><strong>Avantages de la carte :<\/strong><\/p>\n\n\n\n<ul class=\"wp-block-list\">\n<li>\u00c0 partir de 12 ans : acc\u00e8s \u00e0 la salle des jeunes sur inscription au LARJ.<\/li>\n<\/ul>\n\n\n\n<ul class=\"wp-block-list\">\n<li>Acc\u00e8s au <strong>R\u00e9pare Caf\u00e9<\/strong>, le caf\u00e9 associatif de la MJC. Il se tiendra ponctuellement, suivez bien les feuilles info.<\/li>\n<\/ul>\n\n\n\n<ul class=\"wp-block-list\">\n<li>Tarif pr\u00e9f\u00e9rentiel pour les activit\u00e9s ponctuelles propos\u00e9es par la MJC.<\/li>\n<\/ul>\n\n\n\n<p class=\"has-white-background-color has-background\">L&rsquo;Assembl\u00e9e G\u00e9n\u00e9rale aura lieu en mars 2026 \u00e0 la Maison du Pl\u00e2tre.<\/p>\n\n\n\n<p><\/p>\n","protected":false},"excerpt":{"rendered":"<p>L&rsquo;adh\u00e9sion est obligatoire pour participer aux activit\u00e9s. Prix de l&rsquo;adh\u00e9sion : Il est possible de fractionner le paiement en 2 fois. Le prix de l&rsquo;adh\u00e9sion sera jointe au premier r\u00e8glement. &hellip; <a href=\"https:\/\/www.mjcfontanes.org\/?page_id=2\" class=\"more-link\">Lire la suite de <span class=\"screen-reader-text\">Infos pratiques<\/span><\/a><\/p>\n","protected":false},"author":1,"featured_media":0,"parent":0,"menu_order":0,"comment_status":"closed","ping_status":"open","template":"","meta":{"jetpack_post_was_ever_published":false,"footnotes":""},"tags":[],"class_list":["post-2","page","type-page","status-publish","hentry","no-featured-image"],"jetpack_sharing_enabled":true,"jetpack_shortlink":"https:\/\/wp.me\/P95mIQ-2","jetpack-related-posts":[],"_links":{"self":[{"href":"https:\/\/www.mjcfontanes.org\/index.php?rest_route=\/wp\/v2\/pages\/2","targetHints":{"allow":["GET"]}}],"collection":[{"href":"https:\/\/www.mjcfontanes.org\/index.php?rest_route=\/wp\/v2\/pages"}],"about":[{"href":"https:\/\/www.mjcfontanes.org\/index.php?rest_route=\/wp\/v2\/types\/page"}],"author":[{"embeddable":true,"href":"https:\/\/www.mjcfontanes.org\/index.php?rest_route=\/wp\/v2\/users\/1"}],"replies":[{"embeddable":true,"href":"https:\/\/www.mjcfontanes.org\/index.php?rest_route=%2Fwp%2Fv2%2Fcomments&post=2"}],"version-history":[{"count":24,"href":"https:\/\/www.mjcfontanes.org\/index.php?rest_route=\/wp\/v2\/pages\/2\/revisions"}],"predecessor-version":[{"id":3547,"href":"https:\/\/www.mjcfontanes.org\/index.php?rest_route=\/wp\/v2\/pages\/2\/revisions\/3547"}],"wp:attachment":[{"href":"https:\/\/www.mjcfontanes.org\/index.php?rest_route=%2Fwp%2Fv2%2Fmedia&parent=2"}],"wp:term":[{"taxonomy":"post_tag","embeddable":true,"href":"https:\/\/www.mjcfontanes.org\/index.php?rest_route=%2Fwp%2Fv2%2Ftags&post=2"}],"curies":[{"name":"wp","href":"https:\/\/api.w.org\/{rel}","templated":true}]}}